What are the prime factors of 1755168?
2, 3, 47, 389
What are the prime factors of 307316?
2, 76829
What are the prime factors of 693292?
2, 353, 491
What are the prime factors of 2593387?
257, 10091
List the prime factors of 283902.
2, 3, 47317
What are the prime factors of 6273698?
2, 3136849
List the prime factors of 768234.
2, 3, 61, 2099
What are the prime factors of 598731?
3, 7, 4073
List the prime factors of 218312.
2, 29, 941
List the prime factors of 244339.
244339
List the prime factors of 4405172.
2, 499, 2207
What are the prime factors of 1473?
3, 491
What are the prime factors of 232066?
2, 19, 31, 197
What are the prime factors of 730681?
7, 104383
What are the prime factors of 2533594?
2, 7, 103, 251
List the prime factors of 1885350.
2, 3, 5, 12569
What are the prime factors of 1664452?
2, 31, 433
List the prime factors of 5094091.
5094091
List the prime factors of 497726.
2, 17, 14639
What are the prime factors of 8547164?
2, 449, 4759
List the prime factors of 17421470.
2, 5, 11, 109, 1453
What are the prime factors of 62722?
2, 11, 2851
List the prime factors of 123729.
3, 41243
List the prime factors of 4105883.
359, 11437
What are the prime factors of 5475?
3, 5, 73
List the prime factors of 9690201.
3, 131, 8219
List the prime factors of 2087992.
2, 260999
List the prime factors of 234157.
7, 11, 3041
List the prime factors of 671777.
671777
What are the prime factors of 9597458?
2, 13, 369133
What are the prime factors of 1363815?
3, 5, 30307
List the prime factors of 222785.
5, 17, 2621
List the prime factors of 213427.
19, 47, 239
List the prime factors of 74785.
5, 14957
What are the prime factors of 729238?
2, 23, 83, 191
What are the prime factors of 46771?
46771
What are the prime factors of 931694?
2, 223, 2089
List the prime factors of 75702.
2, 3, 11, 31, 37
List the prime factors of 344097.
3, 13, 17, 173
What are the prime factors of 543517?
13, 41809
What are the prime factors of 549736?
2, 11, 6247
List the prime factors of 462947.
462947
What are the prime factors of 18658461?
3, 131, 197, 241
What are the prime factors of 13678?
2, 7, 977
What are the prime factors of 3556727?
61, 199, 293
List the prime factors of 2131080.
2, 3, 5, 7, 43, 59
What are the prime factors of 1798371?
3, 199819
List the prime factors of 17508718.
2, 139, 62981
What are the prime factors of 20743315?
5, 17, 73, 3343
What are the prime factors of 493666?
2, 246833
List the prime factors of 10798350.
2, 3, 5, 193, 373
What are the prime factors of 595689?
3, 29, 41, 167
What are the prime factors of 2391734?
2, 181, 6607
List the prime factors of 441316.
2, 31, 3559
List the prime factors of 1990261.
7, 13, 21871
What are the prime factors of 7443968?
2, 7, 31, 67
List the prime factors of 194857.
13, 1153
What are the prime factors of 1386141?
3, 23, 20089
What are the prime factors of 28887819?
3, 9629273
What are the prime factors of 521973?
3, 59, 983
What are the prime factors of 139854?
2, 3, 11, 13, 163
List the prime factors of 193292.
2, 11, 23, 191
What are the prime factors of 1178315?
5, 235663
List the prime factors of 23452849.
7, 3350407
What are the prime factors of 46153?
46153
List the prime factors of 4505550.
2, 3, 5, 7, 613
What are the prime factors of 158151?
3, 7, 17, 443
List the prime factors of 200716.
2, 19, 139
What are the prime factors of 16475758?
2, 13, 317, 1999
List the prime factors of 13363577.
29, 460813
What are the prime factors of 2902664?
2, 179, 2027
List the prime factors of 1014485.
5, 137, 1481
List the prime factors of 1387895.
5, 277579
What are the prime factors of 32107761?
3, 7, 509647
What are the prime factors of 1609677?
3, 178853
List the prime factors of 9965867.
59, 168913
What are the prime factors of 887826?
2, 3, 73, 2027
What are the prime factors of 264780?
2, 3, 5, 1471
List the prime factors of 2923920.
2, 3, 5, 31, 131
What are the prime factors of 199489?
199489
What are the prime factors of 7100355?
3, 5, 59, 71, 113
List the prime factors of 330564.
2, 3, 13, 163
What are the prime factors of 6947583?
3, 2315861
What are the prime factors of 2732558?
2, 1366279
List the prime factors of 110600.
2, 5, 7, 79
List the prime factors of 105453.
3, 11717
What are the prime factors of 370944?
2, 3, 7, 23
What are the prime factors of 303455?
5, 137, 443
What are the prime factors of 176914?
2, 53, 1669
What are the prime factors of 2121185?
5, 11, 38567
What are the prime factors of 5175783?
3, 575087
List the prime factors of 4696773.
3, 1565591
List the prime factors of 536444.
2, 41, 3271
List the prime factors of 328452.
2, 3, 101, 271
List the prime factors of 46034.
2, 23017
List the prime factors of 834458.
2, 31, 43, 313
What are the prime factors of 4162596?
2, 3, 19, 18257
List the prime factors of 503141.
337, 1493
What are the prime factors of 517513?
517513
List the prime factors of 7370948.
2, 13, 23, 6163
What are the prime factors of 3906945?
3, 5, 7, 79, 157
List the prime factors of 5334949.
79, 67531
What are the prime factors of 15029471?
97, 154943
List the prime factors of 310224.
2, 3, 23, 281
What are the prime factors of 1297760?
2, 5, 8111
List the prime factors of 166041.
3, 19, 971
List the prime factors of 2017437.
3, 67, 10037
What are the prime factors of 23724595?
5, 607, 7817
What are the prime factors of 2280316?
2, 570079
List the prime factors of 19758865.
5, 7, 181, 3119
What are the prime factors of 2006493?
3, 17, 39343
List the prime factors of 1179830.
2, 5, 127, 929
List the prime factors of 41051386.
2, 2243, 9151
List the prime factors of 640198.
2, 13, 24623
What are the prime factors of 445549?
13, 34273
What are the prime factors of 20357836?
2, 5089459
What are the prime factors of 7603498?
2, 7, 379, 1433
List the prime factors of 267477.
3, 7, 47, 271
What are the prime factors of 793714?
2, 229, 1733
List the prime factors of 30514786.
2, 29, 526117
List the prime factors of 311282.
2, 23, 67, 101
What are the prime factors of 3378018?
2, 3, 7, 80429
List the prime factors of 12035982.
2, 3, 7, 53, 5407
List the prime factors of 500961.
3, 166987
What are the prime factors of 1726542?
2, 3, 31973
List the prime factors of 20410465.
5, 19, 181, 1187
List the prime factors of 3170884.
2, 53, 14957
What are the prime factors of 603559?
11, 54869
What are the prime factors of 907950?
2, 3, 5, 6053
What are the prime factors of 763964?
2, 31, 61, 101
What are the prime factors of 7145474?
2, 7, 17, 4289
List the prime factors of 4436594.
2, 29, 76493
List the prime factors of 2055413.
109, 173
List the prime factors of 2965614.
2, 3, 494269
What are the prime factors of 54619?
193, 283
What are the prime factors of 137821?
283, 487
What are the prime factors of 23504355?
3, 5, 7, 29, 31, 83
What are the prime factors of 1513085?
5, 7, 17, 2543
List the prime factors of 3194021.
61, 52361
What are the prime factors of 549137?
101, 5437
List the prime factors of 1891762.
2, 945881
List the prime factors of 23340156.
2, 3, 7, 277859
What are the prime factors of 6277518?
2, 3, 13, 139, 193
What are the prime factors of 7609193?
7609193
List the prime factors of 262472.
2, 7, 43, 109
List the prime factors of 3518823.
3, 7, 11, 15233
List the prime factors of 168141.
3, 41, 1367
What are the prime factors of 2971641?
3, 990547
What are the prime factors of 288304?
2, 37, 487
List the prime factors of 617620.
2, 5, 30881
List the prime factors of 2345173.
307, 7639
What are the prime factors of 249186?
2, 3, 7, 17, 349
What are the prime factors of 360008?
2, 11, 4091
List the prime factors of 2242881.
3, 31, 8039
List the prime factors of 4794918.
2, 3, 17, 29, 1621
List the prime factors of 18099075.
3, 5, 241321
List the prime factors of 1284314.
2, 642157
What are the prime factors of 31189?
31189
List the prime factors of 217478.
2, 108739
List the prime factors of 106457.
13, 19, 431
What are the prime factors of 5107675?
5, 19, 10753
List the prime factors of 14338995.
3, 5, 11, 43, 47
List the prime factors of 8993.
17, 23
What are the prime factors of 44964?
2, 3, 1249
What are the prime factors of 27404878?
2, 19, 721181
List the prime factors of 92700.
2, 3, 5, 103
List the prime factors of 1426095.
3, 5, 11, 43,